60 is divided by 608.
604
What is the remainder when 9093876 is divided by 29?
27
What is the remainder when 535828 is divided by 426?
346
What is the remainder when 96975 is divided by 529?
168
What is the remainder when 2595769 is divided by 2595677?
92
Calculate the remainder when 229641 is divided by 8503.
60
What is the remainder when 49544 is divided by 9171?
3689
Calculate the remainder when 27078837 is divided by 73.
71
What is the remainder when 10721319 is divided by 145?
19
Calculate the remainder when 136908 is divided by 67126.
2656
What is the remainder when 20702655 is divided by 511?
1
Calculate the remainder when 3219506 is divided by 122.
48
What is the remainder when 789867 is divided by 1135?
1042
Calculate the remainder when 464451629 is divided by 2913.
2909
Calculate the remainder when 448801 is divided by 448179.
622
What is the remainder when 319316 is divided by 706?
204
What is the remainder when 45647 is divided by 1306?
1243
Calculate the remainder when 8508 is divided by 2813.
69
Calculate the remainder when 22343220 is divided by 1489547.
15
What is the remainder when 3808657 is divided by 39262?
243
What is the remainder when 323563 is divided by 245?
163
Calculate the remainder when 141631 is divided by 1228.
411
Calculate the remainder when 474642 is divided by 4011.
1344
Calculate the remainder when 1963 is divided by 799.
365
What is the remainder when 10805706 is divided by 64?
10
What is the remainder when 662165 is divided by 101?
9
Calculate the remainder when 37576 is divided by 660.
616
Calculate the remainder when 481692815 is divided by 8164285.
0
What is the remainder when 843804 is divided by 842658?
1146
What is the remainder when 66731 is divided by 4222?
3401
Calculate the remainder when 131246 is divided by 2447.
1555
Calculate the remainder when 1293595 is divided by 350.
345
What is the remainder when 10343319 is divided by 5171656?
7
What is the remainder when 205019 is divided by 3989?
1580
What is the remainder when 2355698 is divided by 261739?
47
Calculate the remainder when 20915 is divided by 871.
11
Calculate the remainder when 19088 is divided by 6355.
23
What is the remainder when 144708578 is divided by 4959?
4958
Calculate the remainder when 7427499 is divided by 1636.
59
What is the remainder when 6006390 is divided by 758?
756
What is the remainder when 268360 is divided by 7857?
1222
What is the remainder when 628517 is divided by 652?
641
What is the remainder when 1296161 is divided by 76244?
13
Calculate the remainder when 1944986 is divided by 1458.
14
What is the remainder when 68959 is divided by 3130?
99
What is the remainder when 3457344 is divided by 7948?
7912
Calculate the remainder when 2180757 is divided by 80768.
21
What is the remainder when 143399254 is divided by 564?
562
What is the remainder when 6498039 is divided by 18619?
8
Calculate the remainder when 228708 is divided by 4836.
1416
Calculate the remainder when 3156875 is divided by 654.
17
What is the remainder when 179578068 is divided by 34?
30
Calculate the remainder when 999249 is divided by 29.
25
Calculate the remainder when 48391 is divided by 120.
31
What is the remainder when 14330567 is divided by 2967?
2924
What is the remainder when 3929279 is divided by 225?
104
Calculate the remainder when 13760984 is divided by 116618.
60
Calculate the remainder when 1723882 is divided by 1057.
972
What is the remainder when 502613 is divided by 155?
103
What is the remainder when 947299 is divided by 12448?
1251
What is the remainder when 10794298 is divided by 372217?
5
Calculate the remainder when 7003964 is divided by 32.
28
What is the remainder when 12482650 is divided by 5186?
5134
What is the remainder when 391809614 is divided by 59?
54
What is the remainder when 294097 is divided by 3601?
2416
Calculate the remainder when 973583 is divided by 88.
39
What is the remainder when 9289879 is divided by 268?
195
What is the remainder when 186981 is divided by 39?
15
Calculate the remainder when 140920851 is divided by 28.
15
Calculate the remainder when 14812 is divided by 1744.
860
What is the remainder when 893193 is divided by 893189?
4
What is the remainder when 1625093 is divided by 947?
41
What is the remainder when 393025 is divided by 6962?
3153
Calculate the remainder when 252308 is divided by 252295.
13
What is the remainder when 5301804 is divided by 21?
18
Calculate the remainder when 201302 is divided by 99994.
1314
What is the remainder when 2272566 is divided by 3228?
54
What is the remainder when 2642932 is divided by 179?
176
Calculate the remainder when 40823660 is divided by 13607879.
23
Calculate the remainder when 3648167 is divided by 828.
827
What is the remainder when 12121982 is divided by 19?
1
What is the remainder when 223919002 is divided by 111959498?
6
What is the remainder when 7746511 is divided by 48?
31
Calculate the remainder when 1024648 is divided by 42693.
16
What is the remainder when 11734361 is divided by 2071?
75
Calculate the remainder when 548413 is divided by 39.
34
Calculate the remainder when 47695 is divided by 15306.
1777
What is the remainder when 19729533 is divided by 1076?
1073
Calculate the remainder when 33553 is divided by 889.
660
Calculate the remainder when 1079597 is divided by 1679.
0
What is the remainder when 262303 is divided by 65327?
995
Calculate the remainder when 9024628 is divided by 9024590.
38
What is the remainder when 9918924 is divided by 676?
652
Calculate the remainder when 1247952 is divided by 311934.
216
What is the remainder when 324094 is divided by 4051?
14
Calculate the remainder when 716092 is divided by 143083.
677
Calculate the remainder when 2244224 is divided by 748015.
179
Calculate the remainder when 1271 is divided by 228.
131
What is the remainder when 3405798 is divided by 2122?
2110
What is the remainder when 125141 is divided by 400?
341
Calculate the remainder when 3640492 is divided by 451.
20
Calculate the remainder when 564205 is divided by 80598.
19
What is the remainder when 258510 is divided by 125797?
6916
Calculate the remainder when 28853271 is divided by 2629.
2625
What is the remainder when 95980 is divided by 4573?
4520
What is the remainder when 493877 is divided by 1563?
1532
What is the remainder when 4185 is divided by 1488?
1209
What is the remainder when 2037158 is divided by 135775?
533
Calculate the remainder when 72625137 is divided by 540.
537
What is the remainder when 10837853 is divided by 84?
5
Calculate the remainder when 12059421 is divided by 29703.
3
Calculate the remainder when 31667 is divided by 2616.
275
Calculate the remainder when 4522285 is divided by 150738.
145
What is the remainder when 6774906 is divided by 1204?
1202
What is the remainder when 1242246 is divided by 1735?
1721
What is the remainder when 251675 is divided by 134?
23
What is the remainder when 4290 is divided by 991?
326
What is the remainder when 37618408 is divided by 121?
113
Calculate the remainder when 797486 is divided by 1908.
1850
What is the remainder when 134036973 is divided by 107?
106
Calculate the remainder when 6171466 is divided by 3085673.
120
What is the remainder when 51961087 is divided by 2092?
2083
What is the remainder when 181188 is divided by 961?
520
Calculate the remainder when 82298 is divided by 386.
80
Calculate the remainder when 48606247 is divided by 625.
622
Calculate the remainder when 1501386 is divided by 12206.
48
What is the remainder when 986235 is divided by 316?
315
What is the remainder when 335428 is divided by 84?
16
Calculate the remainder when 151663 is divided by 70.
43
Calculate the remainder when 825794 is divided by 3140.
3114
Calculate the remainder when 16821277 is divided by 317.
306
Calculate the remainder when 399228 is divided by 962.
960
Calculate the remainder when 1845855430 is divided by 53.
50
Calculate the remainder when 208810 is divided by 69347.
769
What is the remainder when 193771 is divided by 108?
19
What is the remainder when 2403745 is divided by 164?
161
What is the remainder when 375645 is divided by 12520?
45
What is the remainder when 83579232 is divided by 52?
48
What is the remainder when 51821 is divided by 7300?
721
C